f 3802529?
3802529
List the prime factors of 109641.
3, 7, 23, 227
List the prime factors of 2053367.
271, 7577
What are the prime factors of 767292?
2, 3, 43, 1487
List the prime factors of 11848572.
2, 3, 31, 3539
List the prime factors of 1394746.
2, 697373
List the prime factors of 2637030.
2, 3, 5, 11, 61, 131
List the prime factors of 10866815.
5, 2173363
List the prime factors of 4617876.
2, 3, 347, 1109
What are the prime factors of 27084079?
11, 47, 52387
List the prime factors of 628127.
628127
What are the prime factors of 5298720?
2, 3, 5, 7, 19, 83
What are the prime factors of 6340366?
2, 3170183
List the prime factors of 209692.
2, 7, 7489
What are the prime factors of 7681821?
3, 7, 43, 47, 181
What are the prime factors of 9262440?
2, 3, 5, 11, 2339
What are the prime factors of 256721?
256721
List the prime factors of 73025.
5, 23, 127
List the prime factors of 296087.
11, 2447
What are the prime factors of 239710?
2, 5, 23971
What are the prime factors of 710139?
3, 236713
What are the prime factors of 6324?
2, 3, 17, 31
List the prime factors of 6204510.
2, 3, 5, 13, 5303
What are the prime factors of 434925?
3, 5, 1933
List the prime factors of 289330.
2, 5, 28933
What are the prime factors of 454544?
2, 28409
What are the prime factors of 3793487?
3793487
What are the prime factors of 664533?
3, 47, 1571
List the prime factors of 5433897.
3, 7, 17, 31, 491
List the prime factors of 517115.
5, 103423
What are the prime factors of 516817?
7, 17, 43, 101
List the prime factors of 40967.
71, 577
List the prime factors of 10959964.
2, 2739991
What are the prime factors of 791734?
2, 233, 1699
What are the prime factors of 2203074?
2, 3, 122393
List the prime factors of 571261.
571261
What are the prime factors of 696838?
2, 348419
What are the prime factors of 176876?
2, 7, 6317
List the prime factors of 1202779.
1202779
What are the prime factors of 1862096?
2, 116381
List the prime factors of 4025652.
2, 3, 103, 3257
List the prime factors of 492516.
2, 3, 13681
List the prime factors of 20272917.
3, 7, 137911
What are the prime factors of 218241?
3, 59, 137
What are the prime factors of 407083?
407083
What are the prime factors of 2832212?
2, 708053
What are the prime factors of 153250?
2, 5, 613
What are the prime factors of 1651780?
2, 5, 13, 6353
What are the prime factors of 418049?
107, 3907
What are the prime factors of 974771?
7, 131, 1063
What are the prime factors of 234451?
7, 33493
List the prime factors of 597806.
2, 11, 29, 937
What are the prime factors of 11013921?
3, 407923
What are the prime factors of 94145?
5, 19, 991
What are the prime factors of 6273319?
13, 23, 20981
What are the prime factors of 18222?
2, 3, 3037
What are the prime factors of 5797163?
59, 98257
List the prime factors of 10862774.
2, 13, 53, 7883
What are the prime factors of 355171?
355171
What are the prime factors of 3027952?
2, 97, 1951
List the prime factors of 2403749.
17, 141397
What are the prime factors of 1633622?
2, 816811
List the prime factors of 15836818.
2, 199, 39791
List the prime factors of 8345265.
3, 5, 556351
List the prime factors of 22635057.
3, 757, 9967
List the prime factors of 471989.
7, 67427
List the prime factors of 1372477.
853, 1609
What are the prime factors of 15202?
2, 11, 691
List the prime factors of 71201.
13, 5477
List the prime factors of 199056.
2, 3, 11, 13, 29
What are the prime factors of 2442025?
5, 23, 31, 137
List the prime factors of 2955605.
5, 43, 59, 233
What are the prime factors of 257788?
2, 17, 223
List the prime factors of 5635472.
2, 352217
List the prime factors of 43869256.
2, 5483657
What are the prime factors of 2357087?
1489, 1583
List the prime factors of 13055105.
5, 7, 373003
List the prime factors of 425808.
2, 3, 2957
What are the prime factors of 1506217?
17, 41, 2161
What are the prime factors of 856813?
856813
What are the prime factors of 1990860?
2, 3, 5, 33181
What are the prime factors of 8455107?
3, 2818369
List the prime factors of 235884.
2, 3, 11, 1787
List the prime factors of 204310.
2, 5, 20431
What are the prime factors of 35677307?
19, 1877753
What are the prime factors of 939806?
2, 7, 67129
What are the prime factors of 629364?
2, 3, 179, 293
List the prime factors of 74078.
2, 37039
What are the prime factors of 10495699?
727, 14437
What are the prime factors of 118838?
2, 59419
List the prime factors of 2149250.
2, 5, 8597
What are the prime factors of 440707?
37, 43, 277
What are the prime factors of 18968199?
3, 41, 154213
What are the prime factors of 6283535?
5, 1256707
List the prime factors of 2341048.
2, 292631
List the prime factors of 22772254.
2, 23, 131, 3779
What are the prime factors of 469965?
3, 5, 17, 19, 97
List the prime factors of 202477.
11, 79, 233
What are the prime factors of 5302404?
2, 3, 147289
List the prime factors of 16344798.
2, 3, 1433, 1901
What are the prime factors of 6798306?
2, 3, 37, 113, 271
What are the prime factors of 32430836?
2, 31, 41, 6379
What are the prime factors of 11374727?
7, 13, 239, 523
List the prime factors of 27852342.
2, 3, 7, 37, 17923
List the prime factors of 2472289.
2472289
What are the prime factors of 1607286?
2, 3, 19, 23, 613
What are the prime factors of 94899?
3, 7, 4519
What are the prime factors of 187840?
2, 5, 587
What are the prime factors of 8394092?
2, 7, 113, 379
What are the prime factors of 38163906?
2, 3, 11, 47, 1367
List the prime factors of 4241315.
5, 13, 23, 2837
List the prime factors of 77411.
199, 389
List the prime factors of 317947.
7, 53, 857
List the prime factors of 37974.
2, 3, 6329
List the prime factors of 7442644.
2, 11, 169151
List the prime factors of 11517800.
2, 5, 7, 19, 433
What are the prime factors of 481742?
2, 79, 3049
What are the prime factors of 3924629?
131, 29959
List the prime factors of 12130988.
2, 43, 70529
What are the prime factors of 330909?
3, 73, 1511
What are the prime factors of 3655408?
2, 17, 89, 151
What are the prime factors of 205490?
2, 5, 20549
What are the prime factors of 9190526?
2, 4595263
What are the prime factors of 30756569?
30756569
List the prime factors of 132034.
2, 7, 9431
List the prime factors of 1422559.
31, 109, 421
List the prime factors of 14625150.
2, 3, 5, 97501
List the prime factors of 485328.
2, 3, 10111
List the prime factors of 174772.
2, 13, 3361
List the prime factors of 548843.
548843
What are the prime factors of 1477815?
3, 5, 83, 1187
What are the prime factors of 567405?
3, 5, 467
What are the prime factors of 99860?
2, 5, 4993
What are the prime factors of 296240?
2, 5, 7, 23
What are the prime factors of 831523?
7, 11, 10799
What are the prime factors of 11078442?
2, 3, 311, 1979
What are the prime factors of 236285?
5, 7, 43, 157
What are the prime factors of 128835?
3, 5, 7, 409
List the prime factors of 90658.
2, 45329
List the prime factors of 154806.
2, 3, 25801
List the prime factors of 7640176.
2, 477511
List the prime factors of 2057604.
2, 3, 171467
What are the prime factors of 14876311?
31, 479881
List the prime factors of 20417513.
67, 304739
What are the prime factors of 427049?
7, 61007
List the prime factors of 8353388.
2, 19, 109913
What are the prime factors of 228951?
3, 25439
List the prime factors of 22066995.
3, 5, 1471133
What are the prime factors of 237369?
3, 11, 7193
List the prime factors of 1425304.
2, 19, 9377
List the prime factors of 173941.
31, 181
List the prime factors of 206610.
2, 3, 5, 71, 97
What are the prime factors of 27432729?
3, 1016027
What are the prime factors of 594004?
2, 148501
List the prime factors of 297547.
67, 4441
List the prime factors of 304881.
3, 101627
What are the prime factors of 2688755?
5, 181, 2971
What are the prime factors of 1388761?
11, 191, 661
List the prime factors of 13629004.
2, 19, 389, 461
List the prime factors of 26128680.
2, 3, 5, 217739
List the prime factors of 76011.
3, 13, 1949
List the prime factors of 35812005.
3, 5, 2387467
List the prime factors of 12473809.
421, 29629
What are the prime factors of 164088?
2, 3, 43, 53
What are the prime factors of 127122?
2, 3, 21187
List the prime factors of 1021518.
2, 3, 18917
List the prime factors of 4117161.
3, 23, 59669
List the prime factors of 195822.
2, 3